-6 = -7*c + 5*c. Suppose g = c*x - 19 - 32. What is the tens digit of x?
1
What is the units digit of 3 + (-3)/(-3) + 228 + 3?
5
Suppose 18 = 3*b - 3*r, -b - 17 - 1 = 5*r. Suppose 0 = -x - 5*d + 10, -b*x - 3*d + 2 = -4. Suppose -5*q + 21 + 14 = x. What is the units digit of q?
7
Let g = 5 + -5. Let r be (-5)/(-3)*(g - -6). Let a = r + -8. What is the units digit of a?
2
Let v = -236 + 559. What is the hundreds digit of v?
3
Let h = 16 + -11. Suppose -y + h*k - 18 = 7, -2*y - 5 = 5*k. Let q = -6 - y. What is the units digit of q?
4
Let i(y) = -y**3 + 9*y + 4. Let v(m) = -m**3 - m**2 + 9*m + 4. Let s(a) = 5*i(a) - 6*v(a). Let p be s(-7). Let t = p + -5. What is the units digit of t?
5
Let p = -8 + 4. Let r = 1 - p. Suppose 18 = r*m + 2*b + 5, -3*m + 3*b = -12. What is the units digit of m?
3
What is the tens digit of (-24 + 4)/(4/(-6))?
3
Let a(n) = -n**3 - 14*n**2 + 15*n + 16. What is the tens digit of a(-15)?
1
Suppose 2*z - 27 = 3*z. Let t = -16 - z. What is the tens digit of t?
1
Let h(c) = c**2 - 6*c + 1. What is the units digit of h(6)?
1
Suppose -3*a + 8*a = -2*g - 4, 0 = 4*a - 2*g + 14. Let m be (0 - -4)*1*a. Let x(o) = -o + 5. What is the units digit of x(m)?
3
Let n(o) = o**2 + o + 5. What is the tens digit of n(-5)?
2
Let w be (1/1)/((-3)/(-6)). Suppose -5*b = 5*t - b - 49, -2*b = -w. What is the units digit of t?
9
Let a = 27 - 14. What is the tens digit of a?
1
Suppose -3*s - 4*l = -11, -7*s + 2*s - 3*l + 22 = 0. Suppose -5 = s*q - 75. Suppose 6 - q = -2*j. What is the units digit of j?
4
Let j = 52 + -24. Suppose j = 3*m - 2. What is the tens digit of m?
1
Suppose -3*a + 26 = 2. Suppose 2 = 2*r, -4*u = -0*u + 5*r - 49. Suppose -u = -v + a. What is the tens digit of v?
1
Let q be 4/(-2*(-1)/1). Suppose -27 = 3*z + 2*k, -18 = -q*z + 4*z - 2*k. Let u = 19 + z. What is the units digit of u?
0
Suppose 30 = 5*z - 15. What is the units digit of z?
9
Let q = -12 - -15. What is the units digit of q/7 + 492/28?
8
Suppose 3*u + 4*y - y = -36, -2*u = -2*y + 20. Let p = u + 6. What is the tens digit of (-14)/(-4)*(p - -11)?
2
Let z(a) = -2*a. Let n be z(1). What is the tens digit of 29/2 + n/(-4)?
1
Let w = 0 + 3. Suppose 5*d - 4*n = 22, -w*d + 3*n - 3 = 6*n. What is the units digit of ((-20)/(-25))/(d/20)?
8
Suppose 0*s + 5*o + 108 = s, 348 = 4*s + o. What is the tens digit of s?
8
Let b(h) = -28*h**3 - 3*h**2 + 2*h. Let o(q) = q**3 - q**2 + q. Let r(g) = b(g) - 3*o(g). What is the units digit of r(-1)?
2
Let j be 4/(-10) + 810/25. Suppose 0 = 3*s + j - 86. What is the tens digit of s?
1
Suppose -170 = -7*o + 2*o. What is the tens digit of o?
3
Let i(r) = 12*r - 47. What is the tens digit of i(5)?
1
Let a(c) = -c**3 - 12*c**2 - 2*c + 9. Let r be a(-11). Let l = r - -127. What is the units digit of l?
7
Let c(q) = -3*q**2 + 4*q - 5. Let j(v) = v**2 - v - 1. Let l(b) = -c(b) - 2*j(b). What is the units digit of l(0)?
7
Suppose -2*d - 877 = -5*w - d, 5*w - 2*d - 879 = 0. What is the tens digit of w?
7
Suppose 24 = -0*s + 4*s. Let b be ((-3)/(-1))/s*26. Suppose 0 = -4*o + 3 + b. What is the units digit of o?
4
Let p = 5 - 3. Let l(y) = -4 + y + 0 + y - p. What is the units digit of l(4)?
2
Let m = -13 + -4. Let t(k) = 2*k**3 + 3*k**2 + 2. Let h be t(-3). Let u = m - h. What is the units digit of u?
8
Let j(p) = -3*p**3 + 2*p**2 + p. Let u be j(-1). Suppose -m + u*y + 9 = 0, m - 5*y = 6 + 3. What is the units digit of m?
9
Suppose 4*l - 4*t = 2*l, 0 = l + 4*t - 18. What is the units digit of l?
6
Suppose 0 = -4*o - o - 35. Let d = o - -12. What is the units digit of d?
5
Let z(r) = r**2 - 4*r - 8. Suppose -5*b = -3*b - 12. What is the units digit of z(b)?
4
Let j(l) = 4*l - 9. What is the tens digit of j(8)?
2
Let m(k) = -4*k - 6. Let r be m(5). Let p be 2/1*(-6 - r). Suppose -3*f + p = 2*f. What is the units digit of f?
8
Let z be 3*(4/(-6) - -2). Suppose 6 = 2*x - 2. Suppose z = a - x. What is the units digit of a?
8
Let k be ((-10)/8)/(1/(-4)). Suppose -4*u + 28 = -4*w, -k*u - 2*w + 6 = -15. What is the units digit of u?
5
Suppose x = -2*x + 27. Suppose 2*z = x + 7. Suppose 0*a - z = -4*a. What is the units digit of a?
2
Let c be -4*(-2)/(-20)*-100. What is the units digit of c/15 - (-2)/(-3)?
2
Let o(h) be the first derivative of h**2/2 - 4*h - 2. Let u be o(6). Let x = u - 1. What is the units digit of x?
1
Let h = 28 - -1. What is the tens digit of h?
2
Suppose 0*l = -6*l + 120. What is the tens digit of l?
2
Let l(m) = m**3 - 2*m**2 - 2*m - 1. Let t be l(3). Suppose -t*f = 4*i - 4, -i - 3*i = -f + 2. Let k = i + 6. What is the units digit of k?
6
Let r(h) be the first derivative of h**4/4 - 5*h**3/3 - 7*h**2/2 + 5*h + 2. What is the tens digit of r(7)?
5
Let b = 2 - -1. Let f be 4/12 + (-17)/(-3). Suppose b*k = 6*k - f. What is the units digit of k?
2
Let g(v) = 3*v**2 + 1. What is the tens digit of g(-3)?
2
Let p = -5 + 8. Suppose -p*s = 4*t - 5 + 24, 0 = -4*t - 4. Let y(z) = -z + 1. What is the units digit of y(s)?
6
What is the tens digit of 37 - (-1 - (-7 - -4))?
3
Let l = 454 - 139. Suppose -3*o - 2*o + l = 0. What is the units digit of (-3)/4 + o/4?
5
Let m(d) = -d**3 - 6*d**2 + 7*d + 2. Let w be m(-7). What is the units digit of 3*4 - (w - 1)?
1
Suppose 0*a + 4*a + 4*v - 140 = 0, 2*a - 70 = 4*v. Suppose 0 = -m + 3*m - 5*l - a, 0 = 2*m - 2*l - 26. What is the tens digit of m?
1
Suppose -m + 4*k = 3, 3*m = -2*m - 4*k + 33. Suppose 4*d - m*g = -0*d + 84, -2*g = -3*d + 56. What is the units digit of d?
6
Let l(b) = -b**3 + 7*b**2 - 6*b + 4. Let c = 15 + -9. What is the units digit of l(c)?
4
Let h(a) be the second derivative of -a**4/12 + 3*a**3/2 + 7*a**2/2 + 6*a. What is the tens digit of h(8)?
1
What is the tens digit of 3*1100/15 - -5?
2
Let y(s) = s**3 - 16*s**2 + 3*s + 15. What is the units digit of y(16)?
3
Suppose -8*g = -9*g + 69. What is the units digit of g?
9
Suppose -3*t = 2*s + 3, 0*t = -t - 3. Suppose 0 = 2*j - s*j + 42. What is the units digit of j?
2
Suppose 0*j + j = 41. What is the units digit of j?
1
Let w(z) = z**3 + 3*z**2 + 3*z - 2. What is the units digit of w(6)?
0
Let w = -5 - -111. What is the units digit of w?
6
Let i(r) = -32*r - 5. What is the tens digit of i(-3)?
9
Suppose -5*d = -5*m + 15, 3*m + 2*m + 4*d = 15. Let n be m + -3*(-2 + 3). Let t = n - -10. What is the units digit of t?
0
Let a(k) = 3*k + 30. Let t(o) = -4*o - 45. Let r(j) = -8*a(j) - 5*t(j). What is the units digit of r(-6)?
9
Let a be 32/12*30/4. Let v = a - -14. What is the units digit of v?
4
Let y be (-3 - -3)/(-4) + 2. What is the tens digit of y/(-7) - 135/(-7)?
1
Suppose 5*s = -0*s + 20. Suppose 7*q = s*q. Suppose -3*w = -2*v - 17, q = 2*w - 4*v - 8 + 2. What is the units digit of w?
7
Let g(j) = j**2 + 7*j + 9. Suppose -5*t = -3*q - 0*t - 88, -q + 3*t = 36. Let k = 15 + q. What is the units digit of g(k)?
3
What is the units digit of (-2 - (-60)/25)*115?
6
Suppose 3*o - 66 - 95 = -4*d, 0 = -5*d + o + 225. What is the units digit of d?
4
Let o = 188 + -88. What is the hundreds digit of o?
1
Suppose 4*r + 2*q = 18, 3*q + 21 = 3*r + 6*q. Let m(l) = -2*l**2 + 4*l - 2. Let z be m(r). What is the units digit of (-4 + 2)/(-4 - z)?
1
Let q = 4 + -2. Let j(n) = -n**2 - 2*n. Let d(h) = -3*h**2 - 7*h. Let c(s) = q*d(s) - 7*j(s). What is the units digit of c(2)?
4
What is the hundreds digit of 180 + (-11)/(22/(-8))?
1
Suppose 0*f - f + 134 = 0. What is the units digit of f?
4
What is the tens digit of 67 - -6 - (-4)/2?
7
Let v be (-2)/(-1) + 6 + -1. Suppose -4*h + v = -17. What is the units digit of h?
6
Suppose 4 = 4*g + 2*o - 18, 2*g + 9 = 3*o. Let a = 5 - g. What is the units digit of a?
2
Let g(y) = 3*y - 1. Suppose -8 = -4*s + 32. Suppose s = -2*r, 0*m - m - r - 2 = 0. What is the units digit of g(m)?
8
Let o be 10/4 - (-3)/6. Suppose 2*p = -f + 24, -o*f + 0*f + p = -58. Suppose 20 = 4*x, 2*z - f = -5*x + 7. What is the units digit of z?
1
What is the tens digit of 1*((-5)/(-5) - -138)?
3
Let a(h) = h**3 + 6*h**2 + 3*h + 6. Let l be 19/(-4) - (-1)/(-4). What is the units digit of a(l)?
6
Let m(s) = -s**2 - 9*s + 2. Let x be m(-8). Suppose 8 + x = 2*t. Suppose r - 28 = -3*w + 3*r, w + t = -3*r. What is the units digit of w?
6
What is the units digit of (0 - -20)*(44/(-16) + 5)?
5
Let i(v) = v**2 + 2*v - 1. Let q be (-1)/(1 + (-10)/8). Sup